55350?
True
Does 756 divide 23123227?
False
Does 208 divide 2106144560?
True
Is 15605449 a multiple of 138?
False
Is 2929810224 a multiple of 2937?
True
Does 61 divide 128743733?
True
Is 115886466 a multiple of 32?
False
Is 547116960 a multiple of 80?
True
Is 11891459 a multiple of 420?
False
Does 21 divide 1002415701?
True
Is 222712193 a multiple of 11?
True
Is 2021 a factor of 30199716?
False
Does 30 divide 760356840?
True
Is 262 a factor of 5785978?
False
Is 55 a factor of 2752014373?
False
Does 416 divide 16452782?
False
Is 153 a factor of 214374726?
True
Does 575 divide 8697450?
True
Does 33 divide 51448695?
False
Is 165984210 even?
True
Is 474307330 a multiple of 427?
True
Is 187 a factor of 14398643?
False
Is 509 a factor of 24191243?
True
Is 27 a factor of 2087100?
True
Is 397 a factor of 101859956?
False
Is 2502733168 a multiple of 676?
True
Does 765 divide 12943800?
True
Does 283 divide 971987272?
True
Does 23 divide 43200048?
False
Is 1600322304 a multiple of 896?
True
Is 320 a factor of 422176320?
True
Is 6575678 a multiple of 67?
False
Is 115408500 a multiple of 1637?
True
Is 1794 a factor of 575859648?
True
Is 1002 a factor of 475661424?
True
Does 192 divide 55889088?
True
Is 1564231 a multiple of 180?
False
Is 528 a factor of 1070728032?
True
Does 1164 divide 333546199?
False
Is 1412431570 a multiple of 22?
True
Is 10 a factor of 12277677?
False
Is 43480224 a multiple of 172?
True
Is 17 a factor of 20518257?
False
Is 20702214 a multiple of 156?
False
Is 770 a factor of 147617875?
False
Does 469 divide 205442636?
True
Is 1371 a factor of 50002684?
False
Does 221 divide 6802013582?
True
Does 39 divide 47673481?
False
Is 1752143900 a multiple of 190?
True
Is 786 a factor of 136913048?
False
Is 724031316 a multiple of 18?
True
Is 504732240 a multiple of 1104?
True
Is 835932976 a multiple of 272?
True
Is 56 a factor of 24860801?
False
Does 48 divide 1904222304?
True
Is 28 a factor of 262795423?
False
Is 175 a factor of 1136102975?
True
Is 521280862 a multiple of 190?
False
Is 2368722074 a multiple of 886?
False
Does 382 divide 26185047?
False
Is 180 a factor of 60237720?
True
Is 31 a factor of 49344992?
False
Is 15 a factor of 1549846574?
False
Does 8 divide 23115303?
False
Is 2045522501 a multiple of 13353?
False
Is 167343280 a multiple of 130?
True
Is 5 a factor of 2281912?
False
Does 7 divide 361755?
False
Is 776620096 a multiple of 3157?
False
Is 554455861 a multiple of 115?
False
Is 541 a factor of 72598954?
True
Is 803 a factor of 83393156?
True
Does 6 divide 4655670?
True
Is 382 a factor of 5173426?
True
Is 41035478 a multiple of 1546?
True
Is 7 a factor of 142402932?
True
Is 78 a factor of 177979538?
False
Does 973 divide 193724300?
True
Is 54 a factor of 6987006?
True
Is 47000016 a multiple of 34?
False
Does 96 divide 113063456?
False
Is 89794398 a multiple of 3777?
True
Is 12302 a factor of 839038546?
False
Is 696 a factor of 485457047?
False
Is 107239841 a multiple of 860?
False
Is 29844305 a multiple of 9?
False
Is 654 a factor of 76182408?
False
Is 155883017 a multiple of 183?
False
Is 51 a factor of 35922075?
False
Is 330 a factor of 59392080?
True
Is 12 a factor of 59497176?
True
Does 1656 divide 3128033280?
False
Is 1313 a factor of 736959327?
True
Is 5 a factor of 754689?
False
Does 313 divide 23692848?
True
Is 80832883 a multiple of 186?
False
Does 4125 divide 185338791?
False
Does 1789 divide 77370672?
True
Does 10 divide 1020112539?
False
Does 180 divide 9696987?
False
Is 14 a factor of 34073956?
True
Is 34171323 a multiple of 4265?
False
Is 919315280 a multiple of 13?
True
Does 3184 divide 304896656?
True
Is 399184876 a multiple of 5?
False
Does 2022 divide 99931284?
True
Is 1533480956 a multiple of 1797?
False
Does 1277 divide 267154417?
False
Does 380 divide 59106836?
False
Is 2163916 a multiple of 386?
True
Is 188 a factor of 4456916?
True
Is 3599631 a multiple of 7?
True
Does 2813 divide 174442569?
True
Is 239 a factor of 801081854?
False
Is 253288121 a multiple of 2594?
False
Does 179 divide 1839148925?
True
Does 218 divide 182003664?
False
Is 45 a factor of 10982070?
True
Is 110 a factor of 36189271?
False
Does 398 divide 3358741104?
True
Is 83 a factor of 39468863?
False
Is 13142730 a multiple of 348?
False
Is 24575180 a multiple of 20?
True
Is 1465293411 a multiple of 60?
False
Does 2 divide 1827181?
False
Is 159 a factor of 249568149?
True
Does 10 divide 87378793?
False
Is 212916947 a multiple of 253?
False
Is 204 a factor of 39858540?
True
Does 222 divide 8207784?
True
Is 397072623 a multiple of 29?
False
Is 87224896 a multiple of 1915?
False
Does 2590 divide 18605863?
False
Does 434 divide 1028796566?
True
Is 75 a factor of 481985350?
False
Is 9838976 a multiple of 16?
True
Does 2 divide 28908341?
False
Does 51 divide 3830187?
False
Does 56 divide 132848597?
False
Does 25 divide 219378225?
True
Does 225 divide 954424575?
True
Is 1637 a factor of 2153514425?
True
Is 2270511169 a multiple of 9?
False
Is 278457651 a multiple of 113?
True
Is 147 a factor of 3019233?
True
Is 55 a factor of 65555325?
True
Is 54079318 a multiple of 15?
False
Is 123 a factor of 2449176?
True
Is 19999945 a multiple of 97?
True
Is 116 a factor of 23235008?
False
Does 7145 divide 5745365950?
True
Is 19 a factor of 108594932?
False
Is 5215 a factor of 750782690?
True
Is 316606230 a multiple of 10?
True
Is 185 a factor of 442922375?
True
Does 86 divide 546004179?
False
Is 80682272 a multiple of 88?
True
Is 69 a factor of 148508700?
True
Does 872 divide 61160553?
False
Is 35 a factor of 141478785?
True
Is 2852371432 a multiple of 10?
False
Is 3214968 a multiple of 857?
False
Is 453339722 a multiple of 682?
True
Is 36959134 a multiple of 97?
True
Is 546243892 a multiple of 340?
False
Does 523 divide 3810190957?
False
Is 227187389 a multiple of 143?
True
Is 41 a factor of 5436753?
False
Is 269 a factor of 507953120?
False
Is 2993 a factor of 361437673?
True
Is 2394 a factor of 2049119735?
False
Is 10 a factor of 13095060?
True
Is 416753287 a multiple of 14?
False
Is 518 a factor of 3893675813?
False
Is 39 a factor of 514851157?
False
Does 25 divide 1128563825?
True
Is 229019489 a multiple of 621?
False
Does 13 divide 1821292476?
False
Is 108748236 a multiple of 31?
False
Is 570171085 a multiple of 2915?
True
Is 12653368 a multiple of 338?
True
Does 516 divide 17835024?
True
Is 541 a factor of 247287313?
True
Is 2056 a factor of 684654168?
True
Is 6666080735 a multiple of 41?
True
Is 9359743 a multiple of 68?
False
Is 74 a factor of 115844114?
True
Is 62 a factor of 239715232?
False
Is 610 a factor of 2150283357?
False
Is 8 a factor of 20772816?
True
Does 6 divide 42226860?
True
Is 15 a factor of 2414871450?
True
Does 7 divide 92315653?
False
Does 218 divide 232161810?
False
Does 87 divide 47197848?
True
Is 11 a factor of 48600368?
False
Is 177160842 a multiple of 5?
False
Is 9571273 a multiple of 397?
True
Is 80753722 a multiple of 13?
False
Is 333 a factor of 696760875?
True
Is 7 a factor of 91206388?
True
Is 2808 a factor of 735870096?
True
Is 90196461 a multiple of 1382?
False
Does 44 divide 238810792?
True
Does 703 divide 233687442?
False
Does 461 divide 136082129?
True
Does 134 divide 23123308?
True
Is 62 a factor of 3808371?
False
Is 27414795 a multiple of 52?
False
Does 6356 divide 300632444?
True
Does 1787 divide 300048605?
False
Is 185922100 a multiple of 6?
False
Is 66 a factor of 4365245270?
False
Is 770068530 a multiple of 22?
True
Is 64 a factor of 703198382?
False
Is 14 a factor of 469473728?
False
Does 42 divide 693925210?
False
Is 184 a factor of 1604241352?
True
Does 36 divide 620813844?
True
Is 1750 a factor of 1546619800?
False
Is 85 a factor of 472003300?
True
Is 9 a factor of 759462462?
True
Is 276 a factor of 42936399?
False
Does 27 divide 332112367?
False
Is 309149453 a multiple of 392?
False
Does 102 divide 59105328?
True
Is 33331515 a multiple of 1347?
True
Is 103880070 a multiple of 54?
True
Is 13030092 a multiple of 204?
True
Does 3591 divide 159447582?
True
Does 31 divide 47988956?
False
Is 598358756 a multiple of 439?
True
Is 53855438 a multiple of 91?
True
Is 31088160 a multiple of 40?
True
Does 109 divide 83724971?
True
Is 35 a factor of 678715523?
False
Is 125156624 a multiple of 262?
False
Does 16